hat is the hundreds digit of k(y)?
1
Let t(k) = k**2 + k + 9. Let j be t(5). What is the tens digit of (j/(-9))/(-3 - 260/(-87))?
7
Suppose 3*s + 5*t = -2852, -3*s + 8*s = 4*t - 4704. Let h = 1532 + s. What is the tens digit of h?
8
Let d(y) be the first derivative of 57*y**3 + 7*y**2/2 - 7*y - 39. What is the units digit of d(1)?
1
Let z(n) = 723*n**2 + 160*n + 1237. What is the units digit of z(-8)?
9
Let b(u) = 2687*u + 414. What is the thousands digit of b(4)?
1
Let o(t) = 4*t**3 - 8*t**2 + 15*t + 31. Let s be o(15). Suppose 8*b + 20*b = s. What is the units digit of b?
7
Suppose -m - 3*w - 22 = 0, 2*w - 18 = 4*m - 0*w. Let z(a) = a**2 + 6*a + 26. Let t be z(m). What is the hundreds digit of (-6)/(-33) - (-4020)/t?
1
Let m be -8 + 22 + -10 + (176 - 1). What is the tens digit of (-282)/(-1551) + m*(-28)/(-22)?
2
Suppose -190*t + 188*t = -28. What is the tens digit of (t + 7)/3 + 426?
3
Let q = 23156 - 8777. What is the hundreds digit of q?
3
Suppose 32 = -4*f, 4*n - 13*f + 6*f - 24380 = 0. What is the units digit of n?
1
Suppose t - 24 = -t + 5*x, 60 = 5*t - 4*x. Suppose 5*i - 5*m - 930 = 1975, 4*m = t. What is the units digit of i?
4
Let g be (-185)/3 - 1/3. Suppose -5*t + 2*a + 180 = 0, 0 = -t + 4*t - 3*a - 99. Let q = t - g. What is the tens digit of q?
0
Let u be 6 + (-1 - -3 - (7 + -2)). Suppose 11*t - u*t = 208. Suppose 4*n - 432 = 4*w, -n + 2*w + t = -77. What is the tens digit of n?
1
Let u = 39663 - -2180. What is the tens digit of u?
4
Suppose -3*y - y + 12 = 0. Suppose -y*o + 2*b + 25 = 0, 2*o - 3*o - b + 10 = 0. Suppose -o*d + 561 = -591. What is the units digit of d?
8
What is the ten thousands digit of (-3)/30 - (12746613/110)/(-3)?
3
Suppose 3*d - 4*d = 2*d. Suppose d = 3*u + 3, 3*c - 654 = 5*u + 1070. What is the tens digit of c?
7
Let m = 6583 - 4360. Suppose 12*h = m - 63. Suppose 3*r - h = 96. What is the units digit of r?
2
Suppose -k = 4*b - 81, 4*b + 4*k - 5*k = 87. Suppose -3*y = 4*a + b, -4*y - a - 14 = 1. What is the units digit of (-1)/y - 2248/(-24)?
4
Let m be (-5*3/(-45))/((-1048)/348 + 3). Suppose -5*f = -13 - 12. Let h = f - m. What is the tens digit of h?
3
Suppose -3*r = -6, 0 = -w + r + 3*r + 925. Let s = -530 + w. What is the units digit of s?
3
Let b(w) = -85*w**2 - 4*w + 4. Let x be b(1). What is the units digit of (x - -83) + 0 + 863?
1
Suppose 30*p - 256168 - 1208024 = -p. What is the ten thousands digit of p?
4
Let g be (-352)/(-6)*(10 - 75/12). Suppose -8 = -3*c + c. Suppose -c*i + 14*i = g. What is the units digit of i?
2
Suppose -s + 2*r + 3*r - 35 = 0, -2*r = -8. Let g be 2/(-4)*(-49 + s). What is the units digit of g + -29 + 0 + 76?
9
Suppose -64 = x - 5*x. Let n be (-180)/4*x/(-40). Let b = n + 13. What is the units digit of b?
1
Suppose 5*o - 3086 = l, 1077 = 2*o - 3*l - 160. Suppose 1038 = 2*y + 3*g - 216, o = y + 4*g. What is the units digit of y?
3
Suppose 19*b = -90*b + 599500. What is the tens digit of b?
0
What is the thousands digit of ((-7714)/(-28))/(-5*(-5)/900)?
9
What is the units digit of ((-78)/455*-721)/(227/(-230) + 1)?
6
Suppose 0 = -7*w - 5*w + 2676. Suppose -21*o = -w - 71. Suppose 11*t - o*t + 162 = 0. What is the units digit of t?
4
Let y = -13 + 107. Suppose -y = -3*s + 302. What is the units digit of s?
2
Let j(z) be the first derivative of -z**3/3 + 17*z**2/2 - 10*z - 2. Let o be j(16). What is the hundreds digit of (o + 253 + -7)*1/2?
1
Let c(l) = 11*l - 102. Let m(a) = 4*a - 34. Suppose 12 - 9 = -h. Let q(y) = h*c(y) + 8*m(y). What is the tens digit of q(19)?
1
Suppose -57 + 12 = -5*t. Suppose 0 = -2*z + 6, t*c - 2*z = 4*c + 574. Let v = 210 - c. What is the tens digit of v?
9
Let f(y) = 103*y**2 - 14*y + 16. Let p be f(1). Let x(b) = -b - 99. Let c be x(0). Let n = c + p. What is the units digit of n?
6
Let v = 543 + -774. Let k be v/(-49) + (-6)/(-21). Suppose 483 = 4*c - b - 2*b, -560 = -k*c - 5*b. What is the hundreds digit of c?
1
Let p(v) = -55*v**2 + 78*v**2 + 17 + 110*v**2 - 7*v + 97*v**2 - 10*v. What is the tens digit of p(1)?
3
Let i be ((-6246)/(-24))/(6/32). Suppose 3*j + 134 = i. What is the tens digit of (-1)/6*-2 - j/(-33)?
1
Let h = -16 - -19. Let t(k) = -1. Let c(d) = 16*d + 9. Let j(y) = h*t(y) + c(y). What is the hundreds digit of j(7)?
1
Let a(p) = -20*p + 68. Let s be a(4). What is the units digit of (308/6)/((-32)/s - 2)?
7
Let r = -17718 - -40602. What is the units digit of r?
4
Suppose k + 2 - 5 = 0. Let d be -4 - (4 - k)*-39. Let x = d + -19. What is the tens digit of x?
1
Let y(w) = 2*w**2 - 4*w - 5. Let p(j) = 3*j**2 - 6*j - 8. Let d(b) = -5*p(b) + 8*y(b). Let o(g) = 9*g - 59. Let x be o(7). What is the units digit of d(x)?
8
Suppose -2*z = -4*w + 23038, 17478 - 224 = 3*w + 2*z. What is the tens digit of w?
5
Suppose 2*n = -v - 115, -40 = 4*n - 3*n + 4*v. Let s = 13 + n. Let o = s - -252. What is the hundreds digit of o?
2
Suppose 13*k - 15*k - 5*s = -11, 0 = k + 2*s - 5. Suppose -x = -k*o - 1017, 2*x - 2046 = -13*o + 15*o. What is the thousands digit of x?
1
Suppose -3*s + 4*r + 32530 = 0, -14*r - 32510 = -53*s + 50*s. What is the hundreds digit of s?
8
Suppose -18*u = -13*u + 4040. Let h = 1882 + u. Suppose h = 2*m + 2*m + 2*z, z + 5 = 0. What is the hundreds digit of m?
2
Let x = 43675 - 2859. What is the units digit of x?
6
Let v be (-1012)/18 - 24/(-108). Let x = 56 + v. Suppose -m - 1 = x, 5*o - 104 = -0*o - m. What is the units digit of o?
1
Suppose -48 = -7*a + 22. Let h(b) = -b**3 + 14*b**2 + 6*b - 20. Let t be h(a). Suppose 5*x - t = -3*x. What is the units digit of x?
5
Suppose -4*f = o - 22187 - 39367, 76911 = 5*f - 4*o. What is the thousands digit of f?
5
Let g(t) = 400*t**2 - 7*t + 1. Let v be (6/(-15))/(54/(-30) + 2). What is the thousands digit of g(v)?
1
Let v be (252/15)/((-42)/980). What is the tens digit of (-9)/45 + 1 + v/(-10)?
4
Suppose 4*z + z + 28 = -4*l, -5*z + 5*l = 55. Let d = 989 - z. What is the tens digit of d?
9
Let j be 3/(-27)*-3*(-5 + -1). Let k(d) = d**2 + 11*d + 17. Let r be k(j). What is the hundreds digit of 20*(5 + -17)/r?
2
Let t be -2*1 - (-937 + -2 + 2). Suppose -18*j + 13*j + t = 0. Let c = 272 - j. What is the tens digit of c?
8
Suppose 135115 = 28*r - 415576 - 365889. What is the units digit of r?
5
Let o(c) = c**3 - 11*c**2 + 23*c - 10. Let y be o(8). What is the units digit of 350/(3/y - (-6)/9)?
0
Let k be (48/(-10))/(-6)*310/(-4). Let d be (-2)/(-3)*28179/k. What is the tens digit of (1 - d/(-15))/((-3)/15)?
9
Let c be (-12)/56*2 - (-8336)/14. Suppose s - 489 = c. What is the thousands digit of s?
1
Suppose 2*o = 2*z - 5*z + 88, -3*z + 89 = o. Let w = -20 + z. Suppose -4*a = -114 + w. What is the units digit of a?
6
Let a(i) = -240*i + 5. Suppose -7*y - 5 = 9. Let h be a(y). Suppose 3*q + 59 = h. What is the hundreds digit of q?
1
Let x(v) = 7*v**2 - 14*v + 61. Let n(j) = -40*j - 131. Let g be n(-3). What is the thousands digit of x(g)?
1
Let b be 15/(5/(5/(-1))). Let q = 76 + b. What is the tens digit of q?
6
Suppose 4*x = 8, 4*k = 2*k - 4*x + 4664. Suppose -2*w - 16 = 4*m - k, 5*m - 2890 = 5*w. What is the hundreds digit of m?
5
Let s be 19/(-2)*(-121 + 5)/2. Suppose 16*u + s = 18*u + w, 10 = 2*w. What is the hundreds digit of u?
2
Suppose -684*n + 683*n - 84 = 0. Let d = n - -491. What is the hundreds digit of d?
4
Let f be (0 + -12)*(114/9 - 2). Let n = 69 + f. Let c = n + 71. What is the units digit of c?
2
Let f(v) = -v**2 - 12*v + 6. Let u be f(10). Let z = 141 + u. Let q = 104 + z. What is the units digit of q?
1
Suppose 107*m - 1204117 + 1021583 - 3701138 = 0. What is the thousands digit of m?
6
Suppose 5*o = 2*d + 12, -2 = d - 1. Suppose 5*n - 4*n = -5, 811 = 3*g - o*n. What is the hundreds digit of g?
2
Let a(i) = -53*i - 5. Let f(s) = -53*s - 4. Let t(v) = 5*a(v) - 4*f(v). Let m be t(-6). What is the units digit of (-2)/(-16) - m/(-24)?
3
Suppose -3*i + 5*i + 7665 = 9*i. What is the tens digit of i?
9
Let v(l) = -l**2 + 5. Let x be v(0). Let h be 3 + (15/x - 13). Let k(w) = -3*w - 14. What is the units digit of k(h)?
7
Let i(h) = -5*h**2 - 19*h - 20. Let u(d) = 4*d**2 + 19*d + 20. Let g(n) = 3*i(n) + 4*u(n). What is the units digit of g(14)?
2
Let z = -2 + 1. Let y = z + 8. Suppose 2*v = -r + 62, y*r - 171 = 4*r - v. What is the units digit of r?
6
Suppose -41*c + 151 = -54. S